 base 11.
a87368
What is 8065383 (base 9) in base 6?
232015333
Convert -43379 (base 10) to base 5.
-2342004
What is 100201011200 (base 3) in base 11?
12065a
-327477 (base 9) to base 12
-9535a
10010000110010111010001 (base 2) to base 9
8831401
Convert -10211122201 (base 3) to base 9.
-124581
Convert -2340323234 (base 5) to base 14.
-a08794
What is b1835 (base 12) in base 7?
1651343
Convert 1232033232 (base 4) to base 9.
757380
Convert 2033340031 (base 5) to base 11.
2409079
Convert -30141213 (base 5) to base 12.
-b6bb3
What is -7f333 (base 16) in base 11?
-326497
32542670 (base 8) to base 5
3242404212
What is -341342 (base 13) in base 3?
-2022112110012
Convert -201355050 (base 7) to base 12.
-3b09543
Convert -10007118 (base 9) to base 10.
-4788170
-10001001010000011111011 (base 2) to base 12
-160a98b
-10405574 (base 8) to base 3
-11012100120201
Convert 10101220220011 (base 3) to base 5.
430344201
17840618 (base 9) to base 7
136342316
Convert -3210331130 (base 4) to base 8.
-3447534
What is 337181 (base 11) in base 10?
536603
What is -29265 (base 10) in base 13?
-10422
What is -86cc9 (base 13) in base 10?
-243863
Convert 331231222 (base 5) to base 13.
3b0c85
Convert -3441322 (base 7) to base 4.
-1221003031
What is 5245 (base 14) in base 10?
14173
-7601580 (base 9) to base 7
-46433115
Convert 23532502 (base 6) to base 9.
1352452
Convert 19688a (base 16) to base 11.
a38074
What is -22ba7 (base 13) in base 5?
-4013022
-42b74 (base 12) to base 4
-111200020
3235844 (base 10) to base 15
43db7e
What is -776205 (base 8) in base 12?
-107231
Convert 4c257f (base 16) to base 13.
105957c
What is 1101010110001001000001 (base 2) in base 5?
1343423221
What is -17493c (base 14) in base 5?
-202211110
What is 1011100000110111 (base 2) in base 6?
1002155
What is -201330 (base 5) in base 10?
-6465
1b425 (base 13) to base 14
1568b
4aa2 (base 11) to base 5
203041
Convert 1255430021 (base 6) to base 15.
14d57cd
Convert 10224302 (base 5) to base 15.
1a81c
2113743 (base 9) to base 2
100010100001100010101
Convert -831988 (base 10) to base 13.
-231901
What is -30170c (base 13) in base 4?
-10100301113
Convert -179429 (base 10) to base 11.
-112898
-614345 (base 7) to base 10
-104795
What is -574918 (base 10) in base 9?
-1065567
66209e (base 16) to base 13
150458b
Convert -2843b (base 13) to base 7.
-432616
What is -4cc52 (base 16) in base 6?
-10423442
Convert 177495 (base 11) to base 4.
1002300203
-101020313032 (base 4) to base 9
-8406804
What is -2011212200220 (base 3) in base 2?
-100011010111011101011
What is -1a425 (base 16) in base 2?
-11010010000100101
Convert 620033 (base 9) to base 12.
158786
2651500 (base 8) to base 11
4676a5
Convert 779c9c (base 14) to base 7.
46342155
What is -2d919c (base 15) in base 14?
-416754
Convert 526784 (base 13) to base 10.
1928060
466771 (base 8) to base 14
42053
What is 220047 (base 10) in base 9?
364756
-2222112010102 (base 3) to base 13
-436544
Convert -9a7a (base 11) to base 9.
-20181
-11657822 (base 9) to base 5
-2430113110
Convert 10001001100110000 (base 2) to base 16.
11330
Convert -11001000000111000100111 (base 2) to base 6.
-352313303
Convert 2324411130 (base 5) to base 11.
2aa7673
What is 1044442 (base 5) in base 14?
6b91
-20201202011 (base 3) to base 11
-905a9
313047 (base 12) to base 4
2330211313
What is 451777 (base 8) in base 3?
21202021221
Convert -186803 (base 10) to base 15.
-3a538
What is 197294 (base 10) in base 11?
125259
Convert -57c97 (base 13) to base 15.
-32791
What is 222100111121 (base 3) in base 10?
518686
Convert 702573 (base 11) to base 14.
2160c8
2201220012010 (base 3) to base 6
51101433
Convert -4bc40 (base 16) to base 9.
-522627
What is 1569056 (base 11) in base 8?
12153736
Convert -3ba800 (base 15) to base 14.
-54a194
What is 100020001012 (base 3) in base 7?
1354211
1528462 (base 11) to base 7
31150415
-14728a (base 13) to base 9
-843665
1162460 (base 9) to base 8
2321614
What is -10111111110000011011 (base 2) in base 6?
-24500135
1b78 (base 15) to base 10
5963
Convert -1104413 (base 5) to base 4.
-10232132
-321213 (base 7) to base 11
-38913
1022211121200 (base 3) to base 11
441a77
What is -12110231303 (base 4) in base 6?
-55310335
Convert -100020001122122 (base 3) to base 10.
-4902272
2352b9 (base 12) to base 14
10b4a9
Convert -4241004 (base 5) to base 13.
-26649
Convert 20120312120 (base 4) to base 5.
1030331221
111130022323 (base 4) to base 7
65526016
Convert 5c81c (base 13) to base 5.
20424141
What is 13033562 (base 7) in base 10?
1185011
Convert 1030023021 (base 4) to base 16.
4c2c9
Convert -6a7a8 (base 12) to base 11.
-98348
What is -29fce (base 16) in base 7?
-1314256
Convert 1582647 (base 12) to base 5.
2111303112
What is -448d0a (base 16) in base 8?
-21106412
What is 42400320 (base 5) in base 4?
1112333233
What is -640542 (base 8) in base 14?
-57a70
-dd3e7 (base 15) to base 16
-ab9ac
What is -1530576 (base 8) in base 6?
-13222450
Convert 137360 (base 8) to base 10.
48880
10333221203 (base 4) to base 11
814758
6c9622 (base 13) to base 14
4b64d3
-30021440 (base 6) to base 12
-347880
-4263043 (base 8) to base 7
-12456241
Convert -2315 (base 10) to base 5.
-33230
-11030606 (base 8) to base 16
-243186
What is 7292d (base 15) in base 16?
58ab9
211796 (base 10) to base 4
303231110
56dd8 (base 14) to base 16
33952
-100110011010110101101110 (base 2) to base 6
-555510514
What is -181383 (base 9) in base 8?
-333710
Convert 203031031032 (base 4) to base 14.
132355c
Convert 3051 (base 11) to base 4.
333101
105310 (base 6) to base 8
21412
Convert -549758 (base 10) to base 9.
-1027112
Convert -62577 (base 8) to base 4.
-12111333
2352113 (base 6) to base 13
44346
Convert -7853592 (base 10) to base 16.
-77d618
What is -2a6b31 (base 13) in base 14?
-1d22bb
Convert 41205225 (base 6) to base 9.
2202838
Convert -146182 (base 12) to base 3.
-122101122222
-139609 (base 10) to base 3
-21002111201
What is 24032 (base 15) in base 2?
11100000001101101
Convert -20321232100 (base 4) to base 16.
-239b90
What is 1280145 (base 10) in base 15?
1a4480
What is 320201311 (base 4) in base 2?
111000100001110101
What is -1945c9 (base 15) in base 9?
-2273880
Convert 42a25 (base 11) to base 6.
1201103
Convert 44232143 (base 6) to base 9.
2441310
Convert -413225 (base 9) to base 13.
-87761
What is 134805 (base 10) in base 2?
100000111010010101
What is 10011010011110000000 (base 2) in base 13?
191ca7
-3411110 (base 5) to base 11
-41217
Convert 10251333 (base 6) to base 15.
5e893
3c03a9 (base 13) to base 14
29d0db
-22779 (base 11) to base 14
-bda5
11311368 (base 10) to base 16
ac9908
What is -207562 (base 8) in base 5?
-4210430
46279 (base 10) to base 6
554131
What is -1433313 (base 7) in base 3?
-100211010000
Convert -b2973 (base 15) to base 3.
-1001202002000
Convert 441121120 (base 6) to base 13.
18359bb
31c48 (base 16) to base 4
301301020
Convert -10003012140 (base 5) to base 15.
-cdca30
What is -32be9e (base 16) in base 2?
-1100101011111010011110
11243313133 (base 5) to base 15
11e3413
Convert -2043b61 (base 12) to base 7.
-102344515
Convert 2022112110222 (base 3) to base 9.
2275428
Convert 617099 (base 13) to base 4.
20222221100
What is 3361617 (base 10) in base 12?
1161469
3102002031 (base 4) to base 11
5383a2
What is -1110010020011 (base 3) in base 7?
-6354604
What is -101001011101001101 (base 2) in base 10?
-169805
Convert -3500530 (base 6) to base 16.
-2bb66
What is 11346514 (base 7) in base 8?
3650013
Convert -16545a (base 12) to base 5.
-44220114
Convert -82b89 (base 14) to base 13.
-b055c
Convert -550562 (base 8) to base 3.
-100101100101
Convert 7872b (base 14) to base 15.
5b900
What is 4302431 (base 5) in base 3?
10200002121
Convert 16220356 (base 7) to base 9.
2848847
Convert 1a6768d (base 14) to base 3.
220202112110021
Convert -92166 (base 14) to base 8.
-1256436
Convert -2c1592 (base 13) to base 6.
-35155131
-279434 (base 11) to base 10
-437089
Convert -1001110011110100001 (base 2) to base 10.
-321441
What is 393ca (base 14) in base 8?
422646
Convert 2232143133 (base 5) to base 8.
22725700
-11533234 (base 6) to base 4
-1122112312
24300532 (base 7) to base 8
10213063
What is -b4a64d (base 15) in base 6?
-504044114
What is 1034311102 (base 5) in base 8?
10476270
17b05b (base 13) to base 3
1010020211012
-130033 (base 16) 